{"id":1451,"date":"2024-03-25T13:00:55","date_gmt":"2024-03-25T12:00:55","guid":{"rendered":"https:\/\/fundaciolar.com\/?page_id=1451"},"modified":"2024-04-23T12:57:32","modified_gmt":"2024-04-23T10:57:32","slug":"servicio-de-hogares-con-soporte","status":"publish","type":"page","link":"https:\/\/fundaciolar.com\/es\/servicio-de-hogares-con-soporte\/","title":{"rendered":"Servicio de hogares con soporte"},"content":{"rendered":"<div  class='flex_column av-2msgcb-4f7590917b2962ff5ff8bbbf4a764657 av_one_full  avia-builder-el-0  avia-builder-el-no-sibling  first flex_column_div  '     ><p>\n<style type=\"text\/css\" data-created_by=\"avia_inline_auto\" id=\"style-css-av-lu6w9ku6-5c3a382579d94a47015b3acf017d6a73\">\n#top .av-special-heading.av-lu6w9ku6-5c3a382579d94a47015b3acf017d6a73{\npadding-bottom:10px;\n}\nbody .av-special-heading.av-lu6w9ku6-5c3a382579d94a47015b3acf017d6a73 .av-special-heading-tag .heading-char{\nfont-size:25px;\n}\n.av-special-heading.av-lu6w9ku6-5c3a382579d94a47015b3acf017d6a73 .av-subheading{\nfont-size:15px;\n}\n<\/style>\n<div  class='av-special-heading av-lu6w9ku6-5c3a382579d94a47015b3acf017d6a73 av-special-heading-h1 blockquote modern-quote  avia-builder-el-1  el_before_av_textblock  avia-builder-el-first '><h1 class='av-special-heading-tag'  itemprop=\"headline\"  >Servicio de hogares con soporte<\/h1><div class=\"special-heading-border\"><div class=\"special-heading-inner-border\"><\/div><\/div><\/div><br \/>\n<section  class='av_textblock_section av-lu6wclb1-3157ad07de42baa3941b1f9c2dc9d721 '   itemscope=\"itemscope\" itemtype=\"https:\/\/schema.org\/CreativeWork\" ><div class='avia_textblock'  itemprop=\"text\" ><h2>Definici\u00f3n y objetivos<\/h2>\n<p>Los hogares con soporte son viviendas integradas en la comunidad de propietarios donde viven personas con enfermedad mental que gozan de un buen nivel de autonom\u00eda y que necesitan apoyo profesional externo en el proceso de inclusi\u00f3n social.<\/p>\n<p>Tienen por objeto facilitar un entorno sustitutivo en el hogar adecuado y adaptado a las necesidades de asistencia de la persona que permita potenciar la autonom\u00eda personal y social, favoreciendo la integraci\u00f3n en la vida comunitaria.<\/p>\n<p>Los objetivos principales son los siguientes:<\/p>\n<ul>\n<li>Proporcionar una vivienda normalizada a personas con trastorno mental severo.<\/li>\n<li>Prevenir o evitar situaciones de abandono o marginaci\u00f3n social de personas con enfermedad mental.<\/li>\n<li>Promover y facilitar la participaci\u00f3n a la hora de gestionar su propio hogar.<\/li>\n<li>Fomentar al m\u00e1ximo la autonom\u00eda personal.<\/li>\n<li>Ofrecer soporte al proceso de integraci\u00f3n comunitaria.<\/li>\n<\/ul>\n<h2>A quien va dirigido<\/h2>\n<p>El perfil de las personas beneficiarias es el siguiente:<\/p>\n<ul>\n<li>Tener m\u00e1s de dieciocho a\u00f1os y menos de sesenta y cinco a\u00f1os.<\/li>\n<li>Acreditar residencia legal y domicilio en Catalu\u00f1a.<\/li>\n<li>Poder desarrollar las actividades de la vida diaria s\u00f3lo con supervisi\u00f3n externa y poder vivir en r\u00e9gimen abierto.<\/li>\n<li>Necesitar una acogida residencial en una vivienda para personas con problem\u00e1tica social derivada de enfermedad mental.<\/li>\n<li>Tener un grado de discapacidad igual o superior al 33% en lo que se refiere a la enfermedad mental.<\/li>\n<li>Tener la valoraci\u00f3n de la dependencia.<\/li>\n<li>Cumplir con las caracter\u00edsticas propias de un trastorno mental severo.<\/li>\n<li>No requerir una atenci\u00f3n sanitaria continua.<\/li>\n<\/ul>\n<h2>V\u00eda de acceso<\/h2>\n<p>El acceso al hogar con soporte debe producirse de acuerdo con los criterios establecidos en la legislaci\u00f3n vigente en materia de servicios sociales y el protocolo de derivaci\u00f3n y acceso vigente. El cumplimiento de requisitos debe acreditarse mediante un informe social y cl\u00ednico que debe ser formalizado, fechado y firmado por el centro de salud mental de referencia vinculado a la red de salud mental. Y los Servicios de Atenci\u00f3n a las personas de los Servicios Territoriales del Departamento de Derechos Sociales son los que emiten la correspondiente resoluci\u00f3n en el marco de la ley 39\/2006, de 14 de diciembre, de promoci\u00f3n de la autonom\u00eda personal y atenci\u00f3n a las personas en situaci\u00f3n de dependencia.<\/p>\n<\/div><\/section><\/p><\/div>\n","protected":false},"excerpt":{"rendered":"","protected":false},"author":1,"featured_media":0,"parent":0,"menu_order":0,"comment_status":"closed","ping_status":"closed","template":"","meta":{"footnotes":""},"class_list":["post-1451","page","type-page","status-publish","hentry"],"yoast_head":"<!-- This site is optimized with the Yoast SEO plugin v27.0 - https:\/\/yoast.com\/product\/yoast-seo-wordpress\/ -->\n<title>Servicio de hogares con soporte - Fundaci\u00f3 LAR<\/title>\n<meta name=\"robots\" content=\"index, follow, max-snippet:-1, max-image-preview:large, max-video-preview:-1\" \/>\n<link rel=\"canonical\" href=\"https:\/\/fundaciolar.com\/es\/servicio-de-hogares-con-soporte\/\" \/>\n<meta property=\"og:locale\" content=\"es_ES\" \/>\n<meta property=\"og:type\" content=\"article\" \/>\n<meta property=\"og:title\" content=\"Servicio de hogares con soporte - Fundaci\u00f3 LAR\" \/>\n<meta property=\"og:url\" content=\"https:\/\/fundaciolar.com\/es\/servicio-de-hogares-con-soporte\/\" \/>\n<meta property=\"og:site_name\" content=\"Fundaci\u00f3 LAR\" \/>\n<meta property=\"article:modified_time\" content=\"2024-04-23T10:57:32+00:00\" \/>\n<meta name=\"twitter:card\" content=\"summary_large_image\" \/>\n<meta name=\"twitter:label1\" content=\"Tiempo de lectura\" \/>\n\t<meta name=\"twitter:data1\" content=\"2 minutos\" \/>\n<script type=\"application\/ld+json\" class=\"yoast-schema-graph\">{\"@context\":\"https:\/\/schema.org\",\"@graph\":[{\"@type\":\"WebPage\",\"@id\":\"https:\/\/fundaciolar.com\/es\/servicio-de-hogares-con-soporte\/\",\"url\":\"https:\/\/fundaciolar.com\/es\/servicio-de-hogares-con-soporte\/\",\"name\":\"Servicio de hogares con soporte - Fundaci\u00f3 LAR\",\"isPartOf\":{\"@id\":\"https:\/\/fundaciolar.com\/es\/#website\"},\"datePublished\":\"2024-03-25T12:00:55+00:00\",\"dateModified\":\"2024-04-23T10:57:32+00:00\",\"breadcrumb\":{\"@id\":\"https:\/\/fundaciolar.com\/es\/servicio-de-hogares-con-soporte\/#breadcrumb\"},\"inLanguage\":\"es\",\"potentialAction\":[{\"@type\":\"ReadAction\",\"target\":[\"https:\/\/fundaciolar.com\/es\/servicio-de-hogares-con-soporte\/\"]}]},{\"@type\":\"BreadcrumbList\",\"@id\":\"https:\/\/fundaciolar.com\/es\/servicio-de-hogares-con-soporte\/#breadcrumb\",\"itemListElement\":[{\"@type\":\"ListItem\",\"position\":1,\"name\":\"Portada\",\"item\":\"https:\/\/fundaciolar.com\/es\/\"},{\"@type\":\"ListItem\",\"position\":2,\"name\":\"Servicio de hogares con soporte\"}]},{\"@type\":\"WebSite\",\"@id\":\"https:\/\/fundaciolar.com\/es\/#website\",\"url\":\"https:\/\/fundaciolar.com\/es\/\",\"name\":\"Fundaci\u00f3 LAR\",\"description\":\"\",\"publisher\":{\"@id\":\"https:\/\/fundaciolar.com\/es\/#organization\"},\"potentialAction\":[{\"@type\":\"SearchAction\",\"target\":{\"@type\":\"EntryPoint\",\"urlTemplate\":\"https:\/\/fundaciolar.com\/es\/?s={search_term_string}\"},\"query-input\":{\"@type\":\"PropertyValueSpecification\",\"valueRequired\":true,\"valueName\":\"search_term_string\"}}],\"inLanguage\":\"es\"},{\"@type\":\"Organization\",\"@id\":\"https:\/\/fundaciolar.com\/es\/#organization\",\"name\":\"Fundaci\u00f3 LAR\",\"url\":\"https:\/\/fundaciolar.com\/es\/\",\"logo\":{\"@type\":\"ImageObject\",\"inLanguage\":\"es\",\"@id\":\"https:\/\/fundaciolar.com\/es\/#\/schema\/logo\/image\/\",\"url\":\"https:\/\/fundaciolar.com\/wp-content\/uploads\/2024\/03\/logo.jpg\",\"contentUrl\":\"https:\/\/fundaciolar.com\/wp-content\/uploads\/2024\/03\/logo.jpg\",\"width\":218,\"height\":62,\"caption\":\"Fundaci\u00f3 LAR\"},\"image\":{\"@id\":\"https:\/\/fundaciolar.com\/es\/#\/schema\/logo\/image\/\"}}]}<\/script>\n<!-- \/ Yoast SEO plugin. -->","yoast_head_json":{"title":"Servicio de hogares con soporte - Fundaci\u00f3 LAR","robots":{"index":"index","follow":"follow","max-snippet":"max-snippet:-1","max-image-preview":"max-image-preview:large","max-video-preview":"max-video-preview:-1"},"canonical":"https:\/\/fundaciolar.com\/es\/servicio-de-hogares-con-soporte\/","og_locale":"es_ES","og_type":"article","og_title":"Servicio de hogares con soporte - Fundaci\u00f3 LAR","og_url":"https:\/\/fundaciolar.com\/es\/servicio-de-hogares-con-soporte\/","og_site_name":"Fundaci\u00f3 LAR","article_modified_time":"2024-04-23T10:57:32+00:00","twitter_card":"summary_large_image","twitter_misc":{"Tiempo de lectura":"2 minutos"},"schema":{"@context":"https:\/\/schema.org","@graph":[{"@type":"WebPage","@id":"https:\/\/fundaciolar.com\/es\/servicio-de-hogares-con-soporte\/","url":"https:\/\/fundaciolar.com\/es\/servicio-de-hogares-con-soporte\/","name":"Servicio de hogares con soporte - Fundaci\u00f3 LAR","isPartOf":{"@id":"https:\/\/fundaciolar.com\/es\/#website"},"datePublished":"2024-03-25T12:00:55+00:00","dateModified":"2024-04-23T10:57:32+00:00","breadcrumb":{"@id":"https:\/\/fundaciolar.com\/es\/servicio-de-hogares-con-soporte\/#breadcrumb"},"inLanguage":"es","potentialAction":[{"@type":"ReadAction","target":["https:\/\/fundaciolar.com\/es\/servicio-de-hogares-con-soporte\/"]}]},{"@type":"BreadcrumbList","@id":"https:\/\/fundaciolar.com\/es\/servicio-de-hogares-con-soporte\/#breadcrumb","itemListElement":[{"@type":"ListItem","position":1,"name":"Portada","item":"https:\/\/fundaciolar.com\/es\/"},{"@type":"ListItem","position":2,"name":"Servicio de hogares con soporte"}]},{"@type":"WebSite","@id":"https:\/\/fundaciolar.com\/es\/#website","url":"https:\/\/fundaciolar.com\/es\/","name":"Fundaci\u00f3 LAR","description":"","publisher":{"@id":"https:\/\/fundaciolar.com\/es\/#organization"},"potentialAction":[{"@type":"SearchAction","target":{"@type":"EntryPoint","urlTemplate":"https:\/\/fundaciolar.com\/es\/?s={search_term_string}"},"query-input":{"@type":"PropertyValueSpecification","valueRequired":true,"valueName":"search_term_string"}}],"inLanguage":"es"},{"@type":"Organization","@id":"https:\/\/fundaciolar.com\/es\/#organization","name":"Fundaci\u00f3 LAR","url":"https:\/\/fundaciolar.com\/es\/","logo":{"@type":"ImageObject","inLanguage":"es","@id":"https:\/\/fundaciolar.com\/es\/#\/schema\/logo\/image\/","url":"https:\/\/fundaciolar.com\/wp-content\/uploads\/2024\/03\/logo.jpg","contentUrl":"https:\/\/fundaciolar.com\/wp-content\/uploads\/2024\/03\/logo.jpg","width":218,"height":62,"caption":"Fundaci\u00f3 LAR"},"image":{"@id":"https:\/\/fundaciolar.com\/es\/#\/schema\/logo\/image\/"}}]}},"_links":{"self":[{"href":"https:\/\/fundaciolar.com\/es\/wp-json\/wp\/v2\/pages\/1451","targetHints":{"allow":["GET"]}}],"collection":[{"href":"https:\/\/fundaciolar.com\/es\/wp-json\/wp\/v2\/pages"}],"about":[{"href":"https:\/\/fundaciolar.com\/es\/wp-json\/wp\/v2\/types\/page"}],"author":[{"embeddable":true,"href":"https:\/\/fundaciolar.com\/es\/wp-json\/wp\/v2\/users\/1"}],"replies":[{"embeddable":true,"href":"https:\/\/fundaciolar.com\/es\/wp-json\/wp\/v2\/comments?post=1451"}],"version-history":[{"count":4,"href":"https:\/\/fundaciolar.com\/es\/wp-json\/wp\/v2\/pages\/1451\/revisions"}],"predecessor-version":[{"id":2406,"href":"https:\/\/fundaciolar.com\/es\/wp-json\/wp\/v2\/pages\/1451\/revisions\/2406"}],"wp:attachment":[{"href":"https:\/\/fundaciolar.com\/es\/wp-json\/wp\/v2\/media?parent=1451"}],"curies":[{"name":"wp","href":"https:\/\/api.w.org\/{rel}","templated":true}]}}

<div  class='flex_column av-2msgcb-4f7590917b2962ff5ff8bbbf4a764657 av_one_full  avia-builder-el-0  avia-builder-el-no-sibling  first flex_column_div  '     ><p>
<style type="text/css" data-created_by="avia_inline_auto" id="style-css-av-lu6w9ku6-5c3a382579d94a47015b3acf017d6a73">
#top .av-special-heading.av-lu6w9ku6-5c3a382579d94a47015b3acf017d6a73{
padding-bottom:10px;
}
body .av-special-heading.av-lu6w9ku6-5c3a382579d94a47015b3acf017d6a73 .av-special-heading-tag .heading-char{
font-size:25px;
}
.av-special-heading.av-lu6w9ku6-5c3a382579d94a47015b3acf017d6a73 .av-subheading{
font-size:15px;
}
</style>
<div  class='av-special-heading av-lu6w9ku6-5c3a382579d94a47015b3acf017d6a73 av-special-heading-h1 blockquote modern-quote  avia-builder-el-1  el_before_av_textblock  avia-builder-el-first '><h1 class='av-special-heading-tag'  itemprop="headline"  >Servicio de hogares con soporte</h1><div class="special-heading-border"><div class="special-heading-inner-border"></div></div></div><br />
<section  class='av_textblock_section av-lu6wclb1-3157ad07de42baa3941b1f9c2dc9d721 '   itemscope="itemscope" itemtype="https://schema.org/CreativeWork" ><div class='avia_textblock'  itemprop="text" ><h2>Definición y objetivos</h2>
<p>Los hogares con soporte son viviendas integradas en la comunidad de propietarios donde viven personas con enfermedad mental que gozan de un buen nivel de autonomía y que necesitan apoyo profesional externo en el proceso de inclusión social.</p>
<p>Tienen por objeto facilitar un entorno sustitutivo en el hogar adecuado y adaptado a las necesidades de asistencia de la persona que permita potenciar la autonomía personal y social, favoreciendo la integración en la vida comunitaria.</p>
<p>Los objetivos principales son los siguientes:</p>
<ul>
<li>Proporcionar una vivienda normalizada a personas con trastorno mental severo.</li>
<li>Prevenir o evitar situaciones de abandono o marginación social de personas con enfermedad mental.</li>
<li>Promover y facilitar la participación a la hora de gestionar su propio hogar.</li>
<li>Fomentar al máximo la autonomía personal.</li>
<li>Ofrecer soporte al proceso de integración comunitaria.</li>
</ul>
<h2>A quien va dirigido</h2>
<p>El perfil de las personas beneficiarias es el siguiente:</p>
<ul>
<li>Tener más de dieciocho años y menos de sesenta y cinco años.</li>
<li>Acreditar residencia legal y domicilio en Cataluña.</li>
<li>Poder desarrollar las actividades de la vida diaria sólo con supervisión externa y poder vivir en régimen abierto.</li>
<li>Necesitar una acogida residencial en una vivienda para personas con problemática social derivada de enfermedad mental.</li>
<li>Tener un grado de discapacidad igual o superior al 33% en lo que se refiere a la enfermedad mental.</li>
<li>Tener la valoración de la dependencia.</li>
<li>Cumplir con las características propias de un trastorno mental severo.</li>
<li>No requerir una atención sanitaria continua.</li>
</ul>
<h2>Vía de acceso</h2>
<p>El acceso al hogar con soporte debe producirse de acuerdo con los criterios establecidos en la legislación vigente en materia de servicios sociales y el protocolo de derivación y acceso vigente. El cumplimiento de requisitos debe acreditarse mediante un informe social y clínico que debe ser formalizado, fechado y firmado por el centro de salud mental de referencia vinculado a la red de salud mental. Y los Servicios de Atención a las personas de los Servicios Territoriales del Departamento de Derechos Sociales son los que emiten la correspondiente resolución en el marco de la ley 39/2006, de 14 de diciembre, de promoción de la autonomía personal y atención a las personas en situación de dependencia.</p>
</div></section></p></div>

<!-- This site is optimized with the Yoast SEO plugin v27.0 - https://yoast.com/product/yoast-seo-wordpress/ -->
<title>Servicio de hogares con soporte - Fundació LAR</title>
<meta name="robots" content="index, follow, max-snippet:-1, max-image-preview:large, max-video-preview:-1" />
<link rel="canonical" href="https://fundaciolar.com/es/servicio-de-hogares-con-soporte/" />
<meta property="og:locale" content="es_ES" />
<meta property="og:type" content="article" />
<meta property="og:title" content="Servicio de hogares con soporte - Fundació LAR" />
<meta property="og:url" content="https://fundaciolar.com/es/servicio-de-hogares-con-soporte/" />
<meta property="og:site_name" content="Fundació LAR" />
<meta property="article:modified_time" content="2024-04-23T10:57:32+00:00" />
<meta name="twitter:card" content="summary_large_image" />
<meta name="twitter:label1" content="Tiempo de lectura" />
	<meta name="twitter:data1" content="2 minutos" />
<script type="application/ld+json" class="yoast-schema-graph">{"@context":"https://schema.org","@graph":[{"@type":"WebPage","@id":"https://fundaciolar.com/es/servicio-de-hogares-con-soporte/","url":"https://fundaciolar.com/es/servicio-de-hogares-con-soporte/","name":"Servicio de hogares con soporte - Fundació LAR","isPartOf":{"@id":"https://fundaciolar.com/es/#website"},"datePublished":"2024-03-25T12:00:55+00:00","dateModified":"2024-04-23T10:57:32+00:00","breadcrumb":{"@id":"https://fundaciolar.com/es/servicio-de-hogares-con-soporte/#breadcrumb"},"inLanguage":"es","potentialAction":[{"@type":"ReadAction","target":["https://fundaciolar.com/es/servicio-de-hogares-con-soporte/"]}]},{"@type":"BreadcrumbList","@id":"https://fundaciolar.com/es/servicio-de-hogares-con-soporte/#breadcrumb","itemListElement":[{"@type":"ListItem","position":1,"name":"Portada","item":"https://fundaciolar.com/es/"},{"@type":"ListItem","position":2,"name":"Servicio de hogares con soporte"}]},{"@type":"WebSite","@id":"https://fundaciolar.com/es/#website","url":"https://fundaciolar.com/es/","name":"Fundació LAR","description":"","publisher":{"@id":"https://fundaciolar.com/es/#organization"},"potentialAction":[{"@type":"SearchAction","target":{"@type":"EntryPoint","urlTemplate":"https://fundaciolar.com/es/?s={search_term_string}"},"query-input":{"@type":"PropertyValueSpecification","valueRequired":true,"valueName":"search_term_string"}}],"inLanguage":"es"},{"@type":"Organization","@id":"https://fundaciolar.com/es/#organization","name":"Fundació LAR","url":"https://fundaciolar.com/es/","logo":{"@type":"ImageObject","inLanguage":"es","@id":"https://fundaciolar.com/es/#/schema/logo/image/","url":"https://fundaciolar.com/wp-content/uploads/2024/03/logo.jpg","contentUrl":"https://fundaciolar.com/wp-content/uploads/2024/03/logo.jpg","width":218,"height":62,"caption":"Fundació LAR"},"image":{"@id":"https://fundaciolar.com/es/#/schema/logo/image/"}}]}</script>
<!-- / Yoast SEO plugin. -->

Servicio de hogares con soporte - Fundació LAR

Fundació LAR
